pose 0*g + 2*g = 4*s - z, s + 5*g = 50. What are the prime factors of s?
5, 7
Let s = 21 + -10. Let h be ((-11)/(-44))/(5/140). Let k = s + h. List the prime factors of k.
2, 3
Suppose q - 5*u - 246 = 0, 0 = -3*q - 2*u + 6*u + 716. Suppose q = 3*y + 4*i - 5*i, -5*i + 242 = 3*y. List the prime factors of y.
79
Let k(s) = 2*s + 34. Let l be k(-15). Suppose 0 = -4*w - 20, -l*t = w - 116 - 219. List the prime factors of t.
5, 17
Let d = -1168 - -1871. List the prime factors of d.
19, 37
Suppose 10 = 5*s + u, -4*s - 10*u + 5*u - 13 = 0. Suppose -3*z = 15, -l + 0*l + s*z = -141. List the prime factors of l.
2, 3, 7
Let r(y) = -y**3 + 19*y**2 - 32*y - 10. List the prime factors of r(14).
2, 3, 29
Let g(u) = -11*u - 2. Let s be g(-1). Let t be (s/(-6))/(7/(-14)). List the prime factors of 43 + (-2)/1 + t.
2, 11
List the prime factors of 26/39*363/2.
11
Let b = -12 + 17. Suppose b*n - 36 = -4*v, -4*n - 3*v = -39 + 11. Suppose 0 = -n*h + 5*f + 264, -5*f + f = -h + 55. What are the prime factors of h?
71
What are the prime factors of (-237)/(-21)*21/3?
79
Let f(r) = -r - 3. Let t(o) = -1. Let n(q) = f(q) - 3*t(q). Let p be n(-4). Suppose 28 = z - s - 34, p*z - 248 = -3*s. List the prime factors of z.
2, 31
Suppose 5603 = 13*u - 6513. List the prime factors of u.
2, 233
Suppose 8*c - 3*c = -5*j + 385, -4*c + 329 = -3*j. Suppose c = 2*n + 4*f, -f - 50 = -2*n + 55. List the prime factors of n.
2, 5
Suppose 0 = 2*a + 5*o + 1, o + o = 2*a + 22. Let g be -1 - (1 + a + 3). Let y(l) = l**3 - 3*l**2 + 3*l + 1. List the prime factors of y(g).
2, 5
Let r = 327 - 324. Suppose 0 = -h + 4*h - 9. Suppose f = h*u - 48, r*u = -u - 4*f + 48. List the prime factors of u.
3, 5
Let v(z) = 2*z**2 + 1. Let t(u) = -u + 1. Let l(s) = -3*t(s) + v(s). Let n be l(-3). What are the prime factors of 23 - n/(21/6)?
3, 7
Let b be 2/((-27)/12 + 2). Let p be (-2)/8 + b/(-32). List the prime factors of 1 - 6*(p - 4).
5
Suppose -4*g + 2*y = -0*y - 14, 0 = -4*g + 3*y + 13. Suppose -g*n - 4*n = -736. List the prime factors of n.
2, 23
Let r = 4 - -8. Let k = -9 + r. Suppose -k*x + 0*x = -120. List the prime factors of x.
2, 5
What are the prime factors of 11170/7 - 3*(-10)/105?
2, 3, 7, 19
Let k = 181 + 351. List the prime factors of k.
2, 7, 19
Suppose -18*n + 1877 = -157. Suppose 2*d - q = -150, -4*d + 9*d - 4*q = -375. Let t = d + n. List the prime factors of t.
2, 19
Let f(d) = d**3 - 16*d**2 + 5. Let h be f(16). Suppose -h*g = -110 - 265. List the prime factors of g.
3, 5
Suppose 0 = -3*b, -5*i + 5*b = 4*b - 835. Let s = -75 + i. What are the prime factors of s?
2, 23
Suppose 81 = 2*w + 1. Suppose 0 = 2*d - 5*x - 20, -4*d + w = 3*x + x. List the prime factors of d.
2, 5
Suppose 9*m - 5*m = 28. Suppose -m*c - 2 = -8*c. Suppose 0 = 5*d + c*i - 120, -i = 3*d - 0*d - 71. List the prime factors of d.
2, 11
Let d = 71 + -81. What are the prime factors of (424/d)/(10/(-25))?
2, 53
Suppose -63*f + 62*f + 216 = 0. List the prime factors of f.
2, 3
Suppose 69*f - 16*f - 63653 = 0. List the prime factors of f.
1201
Let u = -185 + 71. Let k = -30 - u. Suppose 5*p = 71 + k. What are the prime factors of p?
31
Let t(s) = s**2 + 2*s + 3. Let b be t(-4). List the prime factors of (b/2 - 6)/(1/(-28)).
2, 7
Suppose 2*i - 53 = 4*u - 3*i, -5*u - 65 = -5*i. Let t = u - -14. Suppose -2*l + 4 = -l, 2*z = -t*l + 48. List the prime factors of z.
2, 5
Suppose -v = -s + 441, 10*v - 5*v - 2255 = -5*s. What are the prime factors of s?
2, 223
Let a(y) = 88*y**2 - 88*y - 4. List the prime factors of a(-4).
2, 439
Suppose 4*r - 19 - 11 = 3*z, 5*r + z - 47 = 0. What are the prime factors of (-59 + r/3)*(1 - 5)?
2, 7
Suppose 131*f - 134*f = -1455. What are the prime factors of f?
5, 97
Let x(i) = i**2 - 16*i + 20. Let g be x(15). Let a be (12/(-15))/((-2)/g). Suppose 5*s - k - 180 = 0, -5*k - 130 = -a*s - s. What are the prime factors of s?
5, 7
What are the prime factors of 5/(-4) - (-156598)/152?
3, 7
Suppose -24 = -y - 5*t - 0*t, 0 = -3*y - 4*t + 39. Let l(b) = b**2 - 11*b + 37 - y*b + 20*b. What are the prime factors of l(0)?
37
Let v = -455 - -780. Suppose 56 = t + 2*z, 5*t - v = -2*z + z. List the prime factors of t.
2, 3, 11
Suppose 3*d - 6 = 12. Let u be (1 + d)/((-5)/(-5)). Suppose 6*n + 21 = u*n. List the prime factors of n.
3, 7
Let v = -435 + 1411. What are the prime factors of v?
2, 61
Let q(m) = -53*m + 103. What are the prime factors of q(-6)?
421
Let z(w) = w. Let h(o) = 23*o - 12. Let a(c) = -4*c + 2. Let q(p) = 34*a(p) + 6*h(p). Let j(f) = -q(f) - 3*z(f). List the prime factors of j(-6).
2, 17
Let w = -1503 + 3024. What are the prime factors of w?
3, 13
Let q(d) = -d - 5. Let z be q(5). Let u be z/(-3*(-3)/18). List the prime factors of (-5)/u + 7/4.
2
Let x = 297 + -67. What are the prime factors of x?
2, 5, 23
Suppose -2*d = 3*z - 294, -d - 91 = -z - 4*d. Suppose 987 = 5*g + 2*s, 3*g - z - 493 = -s. List the prime factors of g.
199
List the prime factors of -19*(-42)/4 - 1/(-2).
2, 5
Suppose 5*j - 20 = 0, 6*j = 2*v + 3*j + 124. Let h = v + 97. List the prime factors of h.
41
Suppose 12*v = -4 + 40. Suppose 4*w = -4*q - 393 + 1073, q + 510 = v*w. List the prime factors of w.
2, 5, 17
Suppose 3*s - 8 = -t, t - 5*t + 24 = 4*s. Suppose -t*v = -5*w - 169 - 51, 0 = -5*v - 3*w + 236. What are the prime factors of v?
2, 23
Let p(u) = -2*u**2 + 2*u - 2. Let z(l) = -4*l**2 + 3*l - 3. Let d be (33/9 - 3)*3. Let q(a) = d*z(a) - 5*p(a). List the prime factors of q(4).
2, 5
Let v(p) = -p**2 - 13*p - 2. Suppose -11*q + 12*q + 4 = 0. What are the prime factors of v(q)?
2, 17
Let k = -16 + 1. List the prime factors of (-1131)/(-15) - (-6)/k.
3, 5
Let a be (-2)/8 + (-47)/4. Let l = -5 - a. List the prime factors of l.
7
Suppose -x + s + 234 = -174, 0 = 2*x - 4*s - 824. Suppose -f = 3*f - x. Suppose -5*g = -g - 5*l - f, 4*l + 133 = 5*g. What are the prime factors of g?
29
Let s(b) = 42*b**2 + 10*b + 22. List the prime factors of s(-3).
2, 5, 37
Suppose 29*x - 63624 = -4*x. What are the prime factors of x?
2, 241
Suppose -17*b = -22*b + 15. Suppose -4*h = -p + 2*p - 903, 0 = -b*h + p + 686. Suppose 5*l = h + 93. What are the prime factors of l?
2
Suppose 4*w - 5*w + 66 = -j, -j = w - 62. Let v be (15 - 5 - 3) + -5. Suppose 3*p = 2*o + 37 + w, -p + v*o + 35 = 0. List the prime factors of p.
3, 11
Let x(b) = 147*b**3 - 4*b**2 + 4*b - 1. Let i = 47 - 46. List the prime factors of x(i).
2, 73
Let p = 31 + -30. Suppose -2 = h + p. Let c(a) = -6*a - 4. List the prime factors of c(h).
2, 7
Suppose -b - 25 = -6*b. Let r = 3 - b. List the prime factors of (0 + 1)/(r/(-82)).
41
Suppose 19 = -5*y + 4*y. Let q = y - -23. List the prime factors of (q/8)/(1/66).
3, 11
Let l(r) = -r**2 - 4*r**3 + r + 3*r**2 - 9*r**2 + 0*r. What are the prime factors of l(-4)?
2, 5, 7
Let l = -31 + 33. Suppose -60 = -l*z + 82. What are the prime factors of z?
71
Suppose -d - 4 = -5*x, 0*x = d + 3*x - 28. Let p be 1/(0 - 1/3). Let f = d + p. List the prime factors of f.
13
Suppose r - 4*h + 50 = -r, -3*r = -2*h + 87. Let p = -28 - r. Suppose -p*o = -7 - 11. What are the prime factors of o?
2, 3
Let l(w) = 2*w + 10. Let m be l(-8). Let b be 21*(8/m)/4. Let t = 13 + b. What are the prime factors of t?
2, 3
Suppose 5*f - 3*q = -0*q + 6, 0 = 5*f - 4*q - 8. Let x(k) = k**3 + 2*k**2 - k + 57. List the prime factors of x(f).
3, 19
What are the prime factors of (-12)/(-3)*-2*18595/(-40)?
3719
Suppose 4*y = -y - 4*a - 20, -4*a = -y - 28. What are the prime factors of 9/(45/10) - y?
2, 5
Suppose -12 = -2*h + 2*i - 0, h + 3*i = -2. Suppose -b - 94 = -h*s, -s + 6*s - 2*b = 116. Let v = s + -6. List the prime factors of v.
2, 3
Let f = -241 - -4123. List the prime factors of f.
2, 3, 647
Suppose -1106 = -5*x + 11294. Suppose k = -9*k + x. List the prime factors of k.
2, 31
Let i(d) = 2*d + 13. Let p be i(-9). Let t = p - -9. Suppose -95 = -g - t*g. What are the prime factors of g?
19
Let g = -1258 + 2338. List the prime factors of g.
2, 3, 5
Let f(o) = -165*o + 40. Let q be f(-16). What are the prime factors of (3/1)/1 + q/10?
271
Let w(s) = s**3 - 41*s**2 + 58*s + 85. List the prime factors of w(41).
3, 821
Let b = 26 - 19. Suppose -b*j = -2*j - 10. Suppose c + c = 6, 0 = j*u + 4*c - 62. What are the prime factors of u?
5
Suppose 0 = 193*u - 187*u - 11916. Wha